digit of 129893718?
3
What is the hundreds digit of 20122433?
4
What is the tens digit of 52759105?
0
What is the units digit of 971379546?
6
What is the billions digit of 1045837687?
1
What is the ten millions digit of 57649529?
5
What is the ten millions digit of 71415823?
7
What is the ten thousands digit of 25482366?
8
What is the tens digit of 4646855810?
1
What is the units digit of 1279020206?
6
What is the hundred millions digit of 1540905745?
5
What is the ten thousands digit of 34218149?
1
What is the thousands digit of 277929445?
9
What is the hundred thousands digit of 2962023385?
0
What is the ten millions digit of 10758277?
1
What is the hundred thousands digit of 36795964?
7
What is the thousands digit of 385239986?
9
What is the units digit of 102892433?
3
What is the ten millions digit of 1037873363?
3
What is the units digit of 40384046?
6
What is the tens digit of 83392693?
9
What is the tens digit of 989832?
3
What is the millions digit of 120002652?
0
What is the hundred thousands digit of 12438430?
4
What is the millions digit of 156304504?
6
What is the hundred thousands digit of 14972871?
9
What is the units digit of 1564828809?
9
What is the hundred thousands digit of 610216814?
2
What is the hundred thousands digit of 367855540?
8
What is the tens digit of 5851046?
4
What is the millions digit of 46820977?
6
What is the hundred thousands digit of 7698118?
6
What is the hundred thousands digit of 2545759161?
7
What is the ten thousands digit of 92435148?
3
What is the hundred millions digit of 199387780?
1
What is the tens digit of 2142347334?
3
What is the tens digit of 2368285636?
3
What is the ten thousands digit of 68085347?
8
What is the hundreds digit of 501254327?
3
What is the hundreds digit of 241498583?
5
What is the thousands digit of 662452275?
2
What is the ten millions digit of 2389459081?
8
What is the thousands digit of 923034707?
4
What is the hundreds digit of 463396488?
4
What is the ten millions digit of 195528194?
9
What is the thousands digit of 6297824161?
4
What is the hundreds digit of 2419724?
7
What is the units digit of 213676389?
9
What is the tens digit of 896098630?
3
What is the hundreds digit of 138891709?
7
What is the tens digit of 191550169?
6
What is the thousands digit of 4837554087?
4
What is the ten millions digit of 28381425?
2
What is the hundred millions digit of 2671007934?
6
What is the hundred thousands digit of 778761345?
7
What is the ten millions digit of 12088925?
1
What is the units digit of 2559196163?
3
What is the millions digit of 124436827?
4
What is the hundred thousands digit of 29317566?
3
What is the ten millions digit of 764435986?
6
What is the hundred thousands digit of 189762717?
7
What is the tens digit of 261148157?
5
What is the billions digit of 1710727173?
1
What is the hundred thousands digit of 59086343?
0
What is the ten thousands digit of 176394315?
9
What is the units digit of 30530079?
9
What is the ten thousands digit of 3569028786?
2
What is the thousands digit of 1774546665?
6
What is the billions digit of 3990491970?
3
What is the units digit of 1246724?
4
What is the ten millions digit of 1175042019?
7
What is the units digit of 58292674?
4
What is the hundred thousands digit of 261475756?
4
What is the hundred millions digit of 955964009?
9
What is the tens digit of 50241449?
4
What is the hundred thousands digit of 182742678?
7
What is the millions digit of 63112670?
3
What is the ten thousands digit of 3616678952?
7
What is the ten millions digit of 114237267?
1
What is the tens digit of 12818568?
6
What is the thousands digit of 375576117?
6
What is the thousands digit of 686739059?
9
What is the ten thousands digit of 378674092?
7
What is the hundreds digit of 1274352874?
8
What is the tens digit of 68014205?
0
What is the ten thousands digit of 179336831?
3
What is the thousands digit of 2284280?
4
What is the ten millions digit of 241863097?
4
What is the hundreds digit of 139268220?
2
What is the hundred millions digit of 244291568?
2
What is the units digit of 118022433?
3
What is the hundred millions digit of 2199447960?
1
What is the hundreds digit of 2145947567?
5
What is the hundred thousands digit of 2871550535?
5
What is the ten thousands digit of 6740873466?
7
What is the tens digit of 194936182?
8
What is the units digit of 23833501?
1
What is the hundred thousands digit of 1919139094?
1
What is the ten thousands digit of 965428710?
2
What is the hundreds digit of 1770835473?
4
What is the ten thousands digit of 1617182?
1
What is the hundred thousands digit of 523489211?
4
What is the ten millions digit of 974306149?
7
What is the thousands digit of 964796893?
6
What is the thousands digit of 2910244040?
4
What is the hundred thousands digit of 3381679995?
6
What is the ten millions digit of 36869230?
3
What is the thousands digit of 85485545?
5
What is the hundred millions digit of 379445866?
3
What is the thousands digit of 2081856409?
6
What is the units digit of 283202098?
8
What is the hundred thousands digit of 319224341?
2
What is the ten thousands digit of 23745623?
4
What is the hundreds digit of 155318086?
0
What is the ten thousands digit of 115247486?
4
What is the thousands digit of 54258248?
8
What is the hundreds digit of 644361900?
9
What is the units digit of 125665277?
7
What is the units digit of 1055747717?
7
What is the hundreds digit of 28092159?
1
What is the thousands digit of 1458970639?
0
What is the hundred millions digit of 1376962714?
3
What is the thousands digit of 50691470?
1
What is the thousands digit of 90620388?
0
What is the thousands digit of 141442186?
2
What is the units digit of 61238710?
0
What is the ten thousands digit of 31409714?
0
What is the ten millions digit of 627039139?
2
What is the ten millions digit of 20674941?
2
What is the tens digit of 231418272?
7
What is the tens digit of 24307431?
3
What is the ten millions digit of 280929652?
8
What is the ten thousands digit of 37279449?
7
What is the ten millions digit of 8041734815?
4
What is the tens digit of 8849562551?
5
What is the millions digit of 100072188?
0
What is the ten millions digit of 44994443?
4
What is the units digit of 87058085?
5
What is the ten thousands digit of 1612229105?
2
What is the hundred thousands digit of 8636274073?
2
What is the thousands digit of 69773853?
3
What is the ten thousands digit of 50251277?
5
What is the thousands digit of 1928638932?
8
What is the tens digit of 1531084832?
3
What is the millions digit of 3225979?
3
What is the hundreds digit of 452114458?
4
What is the ten millions digit of 5362529325?
6
What is the hundred thousands digit of 403192160?
1
What is the ten millions digit of 38227530?
3
What is the hundred millions digit of 3771677403?
7
What is the units digit of 2148802826?
6
What is the hundred millions digit of 3426379565?
4
What is the tens digit of 52168814?
1
What is the hundred thousands digit of 156863673?
8
What is the hundreds digit of 1125371?
3
What is the ten millions digit of 68479585?
6
What is the hundred thousands digit of 811828779?
8
What is the ten millions digit of 178348111?
7
What is the hundreds digit of 3514925800?
8
What is the ten millions digit of 208201149?
0
What is the hundred thousands digit of 1028703529?
7
What is the millions digit of 6300667?
6
What is the tens digit of 313500352?
5
What is the ten thousands digit of 391164449?
6
What is the thousands digit of 449934608?
4
What is the hundred thousands digit of 51946503?
9
What is the ten millions digit of 37431841?
3
What is the ten millions digit of 170600343?
7
What is the units digit of 87734323?
3
What is the tens digit of 24071040?
4
What is the units digit of 36708511?
1
What is the units digit of 229375420?
0
What is the hundreds digit of 4542262495?
4
What is the ten millions digit of 36506982?
3
What is the millions digit of 482064401?
2
What is the hundred thousands digit of 2373234139?
2
What is the millions digit of 2866404396?
6
What is the hundreds digit of 37455417?
4
What is the thousands digit of 1893792243?
2
What is the hundred thousands digit of 3112313589?
3
What is the hundred thousands digit of 3922183744?
1
What is the units digit of 3218805263?
3
W